{"id":8420,"date":"2025-04-30T08:54:09","date_gmt":"2025-04-30T05:54:09","guid":{"rendered":"https:\/\/bicermobilya.com.tr\/?page_id=8420"},"modified":"2025-06-22T21:54:36","modified_gmt":"2025-06-22T18:54:36","slug":"bicerstyle","status":"publish","type":"page","link":"https:\/\/bicermobilya.com.tr\/index.php\/bicerstyle\/","title":{"rendered":"bicerstyle"},"content":{"rendered":"\t\t<div data-elementor-type=\"wp-page\" data-elementor-id=\"8420\" class=\"elementor elementor-8420\">\n\t\t\t\t<div class=\"elementor-element elementor-element-decfc39 e-flex e-con-boxed kitify-col-width-auto-no ignore-docs-style-no kitify-disable-relative-no e-root-container elementor-top-section e-con e-parent\" data-id=\"decfc39\" data-element_type=\"container\">\n\t\t\t\t\t<div class=\"e-con-inner\">\n\t\t\t\t<div class=\"elementor-element elementor-element-5b805b6 elementor-widget elementor-widget-slider_revolution\" data-id=\"5b805b6\" data-element_type=\"widget\" data-widget_type=\"slider_revolution.default\">\n\t\t\t\t<div class=\"elementor-widget-container\">\n\t\t\t\t\t\n\t\t<div class=\"wp-block-themepunch-revslider\">\n\t\t\t\t<p class=\"rs-p-wp-fix\"><\/p>\n\t\t\t\t<sr7-module data-alias=\"slider-4\" data-id=\"11\" id=\"SR7_11_1\" class=\"rs-ov-hidden\" data-version=\"6.7.31\">\n\t\t\t\t\t<sr7-adjuster><\/sr7-adjuster>\n\t\t\t\t\t<sr7-content>\n\t\t\t\t\t\t<sr7-slide id=\"SR7_11_1-25\" data-key=\"25\">\n\t\t\t\t\t\t\t<sr7-txt id=\"SR7_11_1-25-2\" class=\"sr7-layer\">\u0130nsanlar\u0131n ve mobilyalar\u0131n bir araya geldi\u011fi yer!<\/sr7-txt>\n\t\t\t\t\t\t<\/sr7-slide>\n\t\t\t\t\t\t<sr7-slide id=\"SR7_11_1-26\" data-key=\"26\">\n\t\t\t\t\t\t<\/sr7-slide>\n\t\t\t\t\t<\/sr7-content>\n\t\t\t\t\t<image_lists style=\"display:none\">\n\t\t\t\t\t\t<img data-src=\"\/\/bicermobilya.com.tr\/wp-content\/uploads\/2025\/06\/insanlarin_ve_mobilyalarin_.jpg\" data-libid=\"9083\" data-lib=\"medialibrary\" title=\"insanlar\u0131n_ve_mobilyalar\u0131n_\" width=\"0\" height=\"0\" data-dbsrc=\"Ly9iaWNlcm1vYmlseWEuY29tLnRyL3dwLWNvbnRlbnQvdXBsb2Fkcy8yMDI1LzA2L2luc2FubGFyaW5fdmVfbW9iaWx5YWxhcmluXy5qcGc=\"\/>\n\t\t\t\t\t<\/image_lists>\n\t\t\t\t<\/sr7-module>\n\t\t\t\t<script>\n\t\t\t\t\tSR7.PMH ??={}; SR7.PMH[\"SR7_11_1\"] = {cn:100,state:false,fn: function() { if (_tpt!==undefined && _tpt.prepareModuleHeight !== undefined) {  _tpt.prepareModuleHeight({id:\"SR7_11_1\",el:[760,760,760,760,720],type:'hero',shdw:'0',gh:[760,760,760,760,720],gw:[1240,1240,1240,1240,480],vpt:['-100px&#039;,&#039;-100px&#039;,&#039;-100px&#039;,&#039;-100px&#039;,&#039;-100px'],size:{fullWidth:true, fullHeight:false},mh:'0',onh:0,onw:0,bg:{color:'{\"orig\":\"transparent\",\"type\":\"solid\",\"string\":\"transparent\"}'}});   SR7.PMH[\"SR7_11_1\"].state=true;} else if(SR7.PMH[\"SR7_11_1\"].cn-->0)\tsetTimeout( SR7.PMH[\"SR7_11_1\"].fn,19);}};SR7.PMH[\"SR7_11_1\" ].fn();\n\t\t\t\t<\/script>\n<\/div>\n\n\t\t\t\t\t\t<\/div>\n\t\t\t\t<\/div>\n\t\t\t\t\t<\/div>\n\t\t\t\t<\/div>\n\t\t<div class=\"elementor-element elementor-element-9e18647 e-grid e-con-full kitify-col-width-auto-no ignore-docs-style-no kitify-disable-relative-no e-root-container elementor-top-section e-con e-parent\" data-id=\"9e18647\" data-element_type=\"container\">\n\t\t<div class=\"elementor-element elementor-element-b4b3d0d e-con-full e-flex kitify-col-width-auto-no ignore-docs-style-no kitify-disable-relative-no e-con e-child\" data-id=\"b4b3d0d\" data-element_type=\"container\">\n\t\t\t\t<div class=\"elementor-element elementor-element-e12803d elementor-widget elementor-widget-heading\" data-id=\"e12803d\" data-element_type=\"widget\" data-widget_type=\"heading.default\">\n\t\t\t\t<div class=\"elementor-widget-container\">\n\t\t\t\t\t<h4 class=\"elementor-heading-title elementor-size-default\">Duygusal Tasar\u0131m<\/h4>\t\t\t\t<\/div>\n\t\t\t\t<\/div>\n\t\t\t\t<div class=\"elementor-element elementor-element-45f6242 elementor-widget__width-initial elementor-widget elementor-widget-heading\" data-id=\"45f6242\" data-element_type=\"widget\" data-widget_type=\"heading.default\">\n\t\t\t\t<div class=\"elementor-widget-container\">\n\t\t\t\t\t<h6 class=\"elementor-heading-title elementor-size-default\">Benzersiz esteti\u011fiyle Bi\u00e7er Mobilya, sadece uyumlu stil veya zamans\u0131z dekorasyonun \u00f6tesine ge\u00e7meyi ama\u00e7lar, i\u00e7 mekanlar ve par\u00e7alar\u0131n\u0131n anlaml\u0131 bir diyalog i\u00e7inde oldu\u011fu ortamlar yaratmaya odaklan\u0131r.\n<br><br>\nSonu\u00e7, mekan kavram\u0131n\u0131 a\u015fan bir tasar\u0131md\u0131r; her par\u00e7a, ister masa, sandalye, kitapl\u0131k, aksesuar, lamba, kanepe veya yatak olsun, uyumlu bir i\u00e7 mekan tarz\u0131n\u0131n par\u00e7as\u0131 haline gelir.<\/h6>\t\t\t\t<\/div>\n\t\t\t\t<\/div>\n\t\t\t\t<\/div>\n\t\t\t\t<div class=\"elementor-element elementor-element-aecdf81 elementor-widget elementor-widget-image\" data-id=\"aecdf81\" data-element_type=\"widget\" data-widget_type=\"image.default\">\n\t\t\t\t<div class=\"elementor-widget-container\">\n\t\t\t\t\t\t\t\t\t\t\t\t\t\t\t<img fetchpriority=\"high\" decoding=\"async\" width=\"1080\" height=\"1350\" src=\"https:\/\/bicermobilya.com.tr\/wp-content\/uploads\/2025\/05\/Luxarte_PostArtboard-1.jpg\" class=\"attachment-wpvr_mobile size-wpvr_mobile wp-image-8559\" alt=\"\" \/>\t\t\t\t\t\t\t\t\t\t\t\t\t\t\t<\/div>\n\t\t\t\t<\/div>\n\t\t\t\t<div class=\"elementor-element elementor-element-f1372ae elementor-widget elementor-widget-image\" data-id=\"f1372ae\" data-element_type=\"widget\" data-widget_type=\"image.default\">\n\t\t\t\t<div class=\"elementor-widget-container\">\n\t\t\t\t\t\t\t\t\t\t\t\t\t\t\t<img decoding=\"async\" width=\"1080\" height=\"1350\" src=\"https:\/\/bicermobilya.com.tr\/wp-content\/uploads\/2025\/05\/Luxarte_Post_1-1.jpg\" class=\"attachment-wpvr_mobile size-wpvr_mobile wp-image-8555\" alt=\"\" srcset=\"https:\/\/bicermobilya.com.tr\/wp-content\/uploads\/2025\/05\/Luxarte_Post_1-1.jpg 1080w, https:\/\/bicermobilya.com.tr\/wp-content\/uploads\/2025\/05\/Luxarte_Post_1-1-240x300.jpg 240w, https:\/\/bicermobilya.com.tr\/wp-content\/uploads\/2025\/05\/Luxarte_Post_1-1-819x1024.jpg 819w, https:\/\/bicermobilya.com.tr\/wp-content\/uploads\/2025\/05\/Luxarte_Post_1-1-768x960.jpg 768w, https:\/\/bicermobilya.com.tr\/wp-content\/uploads\/2025\/05\/Luxarte_Post_1-1-1000x1250.jpg 1000w\" sizes=\"(max-width: 1080px) 100vw, 1080px\" \/>\t\t\t\t\t\t\t\t\t\t\t\t\t\t\t<\/div>\n\t\t\t\t<\/div>\n\t\t<div class=\"elementor-element elementor-element-022e984 e-flex e-con-boxed kitify-col-width-auto-no ignore-docs-style-no kitify-disable-relative-no e-con e-child\" data-id=\"022e984\" data-element_type=\"container\">\n\t\t\t\t\t<div class=\"e-con-inner\">\n\t\t\t\t<div class=\"elementor-element elementor-element-b4b5879 elementor-widget elementor-widget-heading\" data-id=\"b4b5879\" data-element_type=\"widget\" data-widget_type=\"heading.default\">\n\t\t\t\t<div class=\"elementor-widget-container\">\n\t\t\t\t\t<h4 class=\"elementor-heading-title elementor-size-default\">D\u00fc\u015f\u00fcnceli Tasarlanm\u0131\u015f Par\u00e7alar<\/h4>\t\t\t\t<\/div>\n\t\t\t\t<\/div>\n\t\t\t\t<div class=\"elementor-element elementor-element-c5c1c4b elementor-widget elementor-widget-heading\" data-id=\"c5c1c4b\" data-element_type=\"widget\" data-widget_type=\"heading.default\">\n\t\t\t\t<div class=\"elementor-widget-container\">\n\t\t\t\t\t<h6 class=\"elementor-heading-title elementor-size-default\">D\u00fc\u015f\u00fcn\u00fclerek Tasarlanm\u0131\u015f Par\u00e7alar\nZamans\u0131z tasar\u0131m, usta i\u015f\u00e7ilikle bulu\u015fuyor. Her par\u00e7a, en kaliteli malzemelerle \u00f6zenle \u00fcretilir; zarafet ve fonksiyonelli\u011fi bir araya getirerek l\u00fcks\u00fc yeniden tan\u0131mlar.\n\nMobilyadan fazlas\u0131...\nYarat\u0131mlar\u0131m\u0131z ilham verir, ya\u015fam alanlar\u0131n\u0131 d\u00f6n\u00fc\u015ft\u00fcr\u00fcr ve estetik de\u011feri y\u00fckseltir.<\/h6>\t\t\t\t<\/div>\n\t\t\t\t<\/div>\n\t\t\t\t\t<\/div>\n\t\t\t\t<\/div>\n\t\t<div class=\"elementor-element elementor-element-15089da e-con-full e-flex kitify-col-width-auto-no ignore-docs-style-no kitify-disable-relative-no e-con e-child\" data-id=\"15089da\" data-element_type=\"container\">\n\t\t\t\t<div class=\"elementor-element elementor-element-e969866 elementor-widget elementor-widget-heading\" data-id=\"e969866\" data-element_type=\"widget\" data-widget_type=\"heading.default\">\n\t\t\t\t<div class=\"elementor-widget-container\">\n\t\t\t\t\t<h4 class=\"elementor-heading-title elementor-size-default\">Zamans\u0131z Mobilyalar, Zamans\u0131z Stil <\/h4>\t\t\t\t<\/div>\n\t\t\t\t<\/div>\n\t\t\t\t<div class=\"elementor-element elementor-element-86d92cf elementor-widget__width-initial elementor-widget elementor-widget-heading\" data-id=\"86d92cf\" data-element_type=\"widget\" data-widget_type=\"heading.default\">\n\t\t\t\t<div class=\"elementor-widget-container\">\n\t\t\t\t\t<h6 class=\"elementor-heading-title elementor-size-default\">D\u00fczenli tasar\u0131m ve usta i\u015f\u00e7ili\u011fin bir kutlamas\u0131, d\u00fcnyan\u0131n en prestijli evleri i\u00e7in yarat\u0131ld\u0131.\n<\/h6>\t\t\t\t<\/div>\n\t\t\t\t<\/div>\n\t\t\t\t<\/div>\n\t\t\t\t<div class=\"elementor-element elementor-element-bf9e51b elementor-widget elementor-widget-image\" data-id=\"bf9e51b\" data-element_type=\"widget\" data-widget_type=\"image.default\">\n\t\t\t\t<div class=\"elementor-widget-container\">\n\t\t\t\t\t\t\t\t\t\t\t\t\t\t\t<img loading=\"lazy\" decoding=\"async\" width=\"1080\" height=\"1350\" src=\"https:\/\/bicermobilya.com.tr\/wp-content\/uploads\/2025\/05\/Luxarte_posttttt.jpg\" class=\"attachment-2048x2048 size-2048x2048 wp-image-8560\" alt=\"\" srcset=\"https:\/\/bicermobilya.com.tr\/wp-content\/uploads\/2025\/05\/Luxarte_posttttt.jpg 1080w, https:\/\/bicermobilya.com.tr\/wp-content\/uploads\/2025\/05\/Luxarte_posttttt-240x300.jpg 240w, https:\/\/bicermobilya.com.tr\/wp-content\/uploads\/2025\/05\/Luxarte_posttttt-819x1024.jpg 819w, https:\/\/bicermobilya.com.tr\/wp-content\/uploads\/2025\/05\/Luxarte_posttttt-768x960.jpg 768w, https:\/\/bicermobilya.com.tr\/wp-content\/uploads\/2025\/05\/Luxarte_posttttt-1000x1250.jpg 1000w\" sizes=\"(max-width: 1080px) 100vw, 1080px\" \/>\t\t\t\t\t\t\t\t\t\t\t\t\t\t\t<\/div>\n\t\t\t\t<\/div>\n\t\t\t\t<div class=\"elementor-element elementor-element-b3b1ba9 elementor-widget elementor-widget-image\" data-id=\"b3b1ba9\" data-element_type=\"widget\" data-widget_type=\"image.default\">\n\t\t\t\t<div class=\"elementor-widget-container\">\n\t\t\t\t\t\t\t\t\t\t\t\t\t\t\t<img loading=\"lazy\" decoding=\"async\" width=\"819\" height=\"1024\" src=\"https:\/\/bicermobilya.com.tr\/wp-content\/uploads\/2025\/06\/Kuresel_zarafet_-819x1024.jpg\" class=\"attachment-large size-large wp-image-9087\" alt=\"\" srcset=\"https:\/\/bicermobilya.com.tr\/wp-content\/uploads\/2025\/06\/Kuresel_zarafet_-819x1024.jpg 819w, https:\/\/bicermobilya.com.tr\/wp-content\/uploads\/2025\/06\/Kuresel_zarafet_-240x300.jpg 240w, https:\/\/bicermobilya.com.tr\/wp-content\/uploads\/2025\/06\/Kuresel_zarafet_-768x960.jpg 768w, https:\/\/bicermobilya.com.tr\/wp-content\/uploads\/2025\/06\/Kuresel_zarafet_-10x12.jpg 10w, https:\/\/bicermobilya.com.tr\/wp-content\/uploads\/2025\/06\/Kuresel_zarafet_-1000x1250.jpg 1000w, https:\/\/bicermobilya.com.tr\/wp-content\/uploads\/2025\/06\/Kuresel_zarafet_.jpg 1080w\" sizes=\"(max-width: 819px) 100vw, 819px\" \/>\t\t\t\t\t\t\t\t\t\t\t\t\t\t\t<\/div>\n\t\t\t\t<\/div>\n\t\t<div class=\"elementor-element elementor-element-a0f0263 e-flex e-con-boxed kitify-col-width-auto-no ignore-docs-style-no kitify-disable-relative-no e-con e-child\" data-id=\"a0f0263\" data-element_type=\"container\">\n\t\t\t\t\t<div class=\"e-con-inner\">\n\t\t\t\t<div class=\"elementor-element elementor-element-ea4a868 elementor-widget elementor-widget-heading\" data-id=\"ea4a868\" data-element_type=\"widget\" data-widget_type=\"heading.default\">\n\t\t\t\t<div class=\"elementor-widget-container\">\n\t\t\t\t\t<h4 class=\"elementor-heading-title elementor-size-default\">K\u00fcresel Zarafet ve Sofistikeli\u011fin Birle\u015fimi<\/h4>\t\t\t\t<\/div>\n\t\t\t\t<\/div>\n\t\t\t\t<div class=\"elementor-element elementor-element-8106159 elementor-widget elementor-widget-heading\" data-id=\"8106159\" data-element_type=\"widget\" data-widget_type=\"heading.default\">\n\t\t\t\t<div class=\"elementor-widget-container\">\n\t\t\t\t\t<h6 class=\"elementor-heading-title elementor-size-default\">Marka, s\u0131n\u0131rlar\u0131 a\u015fan zarif bir esteti\u011fi b\u00fcnyesinde bar\u0131nd\u0131r\u0131r ve \u00e7a\u011fda\u015f l\u00fcks\u00fc klasik zanaatkarl\u0131kla kusursuz bir \u015fekilde harmanlar.\n<br><br>\nD\u00fcnyan\u0131n en se\u00e7kin evleri i\u00e7in tasarlanm\u0131\u015ft\u0131rher par\u00e7a, prestij, zarafet ve titiz detaylara verilen \u00f6nemin bir ifadesidir.\n<br><br>\nM\u00fckemmeliyete olan sars\u0131lmaz ba\u011fl\u0131l\u0131kla, koleksiyon, sanat, miras ve en kaliteli malzemelere de\u011fer verenlere hitap eder ve l\u00fcks ya\u015fam\u0131 k\u00fcresel \u00f6l\u00e7ekte yeniden tan\u0131mlar.\n\n\n\n\n\n\n\n\n<\/h6>\t\t\t\t<\/div>\n\t\t\t\t<\/div>\n\t\t\t\t\t<\/div>\n\t\t\t\t<\/div>\n\t\t\t\t<\/div>\n\t\t\t\t<\/div>\n\t\t","protected":false},"excerpt":{"rendered":"<p>Duygusal Tasar\u0131m Benzersiz esteti\u011fiyle Bi\u00e7er Mobilya, sadece uyumlu stil veya zamans\u0131z dekorasyonun \u00f6tesine ge\u00e7meyi ama\u00e7lar, i\u00e7 mekanlar ve par\u00e7alar\u0131n\u0131n anlaml\u0131 bir diyalog i\u00e7inde oldu\u011fu ortamlar yaratmaya odaklan\u0131r. Sonu\u00e7, mekan kavram\u0131n\u0131 a\u015fan bir tasar\u0131md\u0131r; her par\u00e7a, ister masa, sandalye, kitapl\u0131k, aksesuar, lamba, kanepe veya yatak olsun, uyumlu bir i\u00e7 mekan tarz\u0131n\u0131n par\u00e7as\u0131 haline gelir. D\u00fc\u015f\u00fcnceli Tasarlanm\u0131\u015f Par\u00e7alar D\u00fc\u015f\u00fcn\u00fclerek Tasarlanm\u0131\u015f Par\u00e7alar Zamans\u0131z\u2026<\/p>\n","protected":false},"author":1,"featured_media":0,"parent":0,"menu_order":0,"comment_status":"closed","ping_status":"closed","template":"","meta":{"_eb_attr":"","footnotes":""},"class_list":["post-8420","page","type-page","status-publish","hentry"],"_links":{"self":[{"href":"https:\/\/bicermobilya.com.tr\/index.php\/wp-json\/wp\/v2\/pages\/8420","targetHints":{"allow":["GET"]}}],"collection":[{"href":"https:\/\/bicermobilya.com.tr\/index.php\/wp-json\/wp\/v2\/pages"}],"about":[{"href":"https:\/\/bicermobilya.com.tr\/index.php\/wp-json\/wp\/v2\/types\/page"}],"author":[{"embeddable":true,"href":"https:\/\/bicermobilya.com.tr\/index.php\/wp-json\/wp\/v2\/users\/1"}],"replies":[{"embeddable":true,"href":"https:\/\/bicermobilya.com.tr\/index.php\/wp-json\/wp\/v2\/comments?post=8420"}],"version-history":[{"count":148,"href":"https:\/\/bicermobilya.com.tr\/index.php\/wp-json\/wp\/v2\/pages\/8420\/revisions"}],"predecessor-version":[{"id":9374,"href":"https:\/\/bicermobilya.com.tr\/index.php\/wp-json\/wp\/v2\/pages\/8420\/revisions\/9374"}],"wp:attachment":[{"href":"https:\/\/bicermobilya.com.tr\/index.php\/wp-json\/wp\/v2\/media?parent=8420"}],"curies":[{"name":"wp","href":"https:\/\/api.w.org\/{rel}","templated":true}]}}